the hundreds digit of 513?
5
What is the hundreds digit of 1077?
0
What is the thousands digit of 3436?
3
What is the thousands digit of 7094?
7
What is the tens digit of 26124?
2
What is the tens digit of 449?
4
What is the units digit of 1479?
9
What is the tens digit of 2616?
1
What is the hundreds digit of 305?
3
What is the hundreds digit of 145?
1
What is the units digit of 33549?
9
What is the units digit of 14855?
5
What is the units digit of 6137?
7
What is the units digit of 1601?
1
What is the units digit of 33990?
0
What is the ten thousands digit of 21912?
2
What is the units digit of 43027?
7
What is the thousands digit of 32453?
2
What is the tens digit of 4370?
7
What is the hundreds digit of 32733?
7
What is the tens digit of 12?
1
What is the tens digit of 55570?
7
What is the hundreds digit of 2557?
5
What is the thousands digit of 1531?
1
What is the tens digit of 733?
3
What is the units digit of 24425?
5
What is the ten thousands digit of 42134?
4
What is the ten thousands digit of 11046?
1
What is the tens digit of 29076?
7
What is the units digit of 117440?
0
What is the units digit of 23280?
0
What is the hundreds digit of 868?
8
What is the thousands digit of 1767?
1
What is the ten thousands digit of 13033?
1
What is the units digit of 105?
5
What is the units digit of 25282?
2
What is the hundreds digit of 124?
1
What is the hundreds digit of 2471?
4
What is the thousands digit of 81680?
1
What is the hundreds digit of 3965?
9
What is the thousands digit of 40335?
0
What is the hundreds digit of 7195?
1
What is the units digit of 42288?
8
What is the hundreds digit of 3937?
9
What is the units digit of 12348?
8
What is the hundreds digit of 25383?
3
What is the hundreds digit of 191?
1
What is the units digit of 362?
2
What is the ten thousands digit of 48162?
4
What is the tens digit of 8095?
9
What is the tens digit of 3383?
8
What is the hundreds digit of 5586?
5
What is the tens digit of 9275?
7
What is the hundreds digit of 2349?
3
What is the units digit of 1219?
9
What is the tens digit of 42034?
3
What is the units digit of 5560?
0
What is the thousands digit of 14242?
4
What is the hundreds digit of 10874?
8
What is the tens digit of 57389?
8
What is the units digit of 9941?
1
What is the hundreds digit of 2117?
1
What is the tens digit of 19686?
8
What is the thousands digit of 1458?
1
What is the thousands digit of 10987?
0
What is the hundred thousands digit of 147827?
1
What is the tens digit of 137899?
9
What is the tens digit of 764?
6
What is the tens digit of 21170?
7
What is the tens digit of 416?
1
What is the hundreds digit of 1214?
2
What is the units digit of 5182?
2
What is the hundreds digit of 1855?
8
What is the units digit of 26040?
0
What is the hundreds digit of 1834?
8
What is the hundreds digit of 7395?
3
What is the hundreds digit of 3913?
9
What is the hundreds digit of 680?
6
What is the tens digit of 484?
8
What is the units digit of 61103?
3
What is the thousands digit of 7157?
7
What is the ten thousands digit of 114025?
1
What is the tens digit of 382?
8
What is the hundreds digit of 8925?
9
What is the hundreds digit of 4167?
1
What is the units digit of 12728?
8
What is the tens digit of 1160?
6
What is the units digit of 1587?
7
What is the hundred thousands digit of 102390?
1
What is the tens digit of 2533?
3
What is the thousands digit of 2697?
2
What is the ten thousands digit of 12115?
1
What is the tens digit of 19527?
2
What is the ten thousands digit of 15142?
1
What is the tens digit of 66110?
1
What is the tens digit of 541?
4
What is the tens digit of 1401?
0
What is the thousands digit of 17229?
7
What is the hundreds digit of 9943?
9
What is the tens digit of 2624?
2
What is the hundreds digit of 8360?
3
What is the tens digit of 230?
3
What is the units digit of 58031?
1
What is the tens digit of 6383?
8
What is the hundreds digit of 34686?
6
What is the hundreds digit of 4247?
2
What is the units digit of 38095?
5
What is the thousands digit of 125397?
5
What is the thousands digit of 67783?
7
What is the thousands digit of 24139?
4
What is the hundreds digit of 3994?
9
What is the hundreds digit of 6243?
2
What is the tens digit of 6680?
8
What is the hundreds digit of 819?
8
What is the units digit of 1170?
0
What is the hundreds digit of 7280?
2
What is the thousands digit of 1318?
1
What is the thousands digit of 11760?
1
What is the tens digit of 9195?
9
What is the tens digit of 14952?
5
What is the tens digit of 609?
0
What is the units digit of 50859?
9
What is the hundreds digit of 7427?
4
What is the thousands digit of 9217?
9
What is the units digit of 11596?
6
What is the tens digit of 2728?
2
What is the tens digit of 16148?
4
What is the tens digit of 1090?
9
What is the thousands digit of 41960?
1
What is the thousands digit of 79228?
9
What is the thousands digit of 16433?
6
What is the units digit of 49099?
9
What is the thousands digit of 2832?
2
What is the units digit of 45638?
8
What is the thousands digit of 21804?
1
What is the tens digit of 11974?
7
What is the thousands digit of 28332?
8
What is the hundreds digit of 452?
4
What is the ten thousands digit of 30497?
3
What is the units digit of 1273?
3
What is the ten thousands digit of 85196?
8
What is the thousands digit of 160606?
0
What is the hundreds digit of 6073?
0
What is the tens digit of 171?
7
What is the tens digit of 17300?
0
What is the hundreds digit of 2868?
8
What is the units digit of 35102?
2
What is the units digit of 27850?
0
What is the tens digit of 5599?
9
What is the hundreds digit of 630?
6
What is the tens digit of 10427?
2
What is the hundreds digit of 3148?
1
What is the thousands digit of 1384?
1
What is the units digit of 262?
2
What is the units digit of 8?
8
What is the units digit of 20026?
6
What is the thousands digit of 1079?
1
What is the hundred thousands digit of 112935?
1
What is the hundred thousands digit of 122454?
1
What is the tens digit of 1681?
8
What is the hundreds digit of 26332?
3
What is the units digit of 76749?
9
What is the thousands digit of 7814?
7
What is the hundred thousands digit of 115259?
1
What is the hundreds digit of 896?
8
What is the units digit of 6624?
4
What is the hundreds digit of 2003?
0
What is the hundreds digit of 12879?
8
What is the hundreds digit of 12880?
8
What is the thousands digit of 12210?
2
What is the hundreds digit of 211?
2
What is the ten thousands digit of 10396?
1
What is the thousands digit of 8348?
8
What is the thousands digit of 8498?
8
What is the hundreds digit of 65213?
2
What is the units digit of 1416?
6
What is the thousands digit of 5146?
5
What is the hundreds digit of 3693?
6
What is the thousands digit of 8196?
8
What is the tens digit of 129?
2
What is the thousands digit of 4378?
4
What is the ten thousands digit of 15305?
1
What is the units digit of 1284?
4
What is the thousands digit of 1401?
1
What is the thousands digit of 11281?
1
What is the ten thousands digit of 10938?
1
What is the tens digit of 559?
5
What is the units digit of 7781?
1
What is the hundreds digit of 3716?
7
What is the thousands digit of 29743?
9
What is the tens digit of 343?
4
What is the units digit of 2245?
5
What is the thousands digit of 3357?
3
What is the thousands digit of 9173?
9
What is the tens digit of 33077?
7
What is the thousands digit of 30546?
0
What is the units digit of 2115?
5
What is the ten thousands digit of 30402?
3
What is the units digit of 1660?
0
What is the hundreds digit of 11863?
8
What is the units digit of 446?
6
What is the thousands digit of 4747?
4
What is the thousands digit of 58830?
8
What is the thousands digit of 155830?
5
What is the hundreds digit of 8827?
8
What is the tens digit of 18874?
7
What is the ten thousands digit of 88133?
8
What is the thousands digit of 73047?
3
What is the thousands digit of 2059?
2
What is the thousands digit of 16359?
6
What is the units digit of 8915?
5
What is the ten thousands digit of 49314?
4
What is the tens digit of 26783?
8
What is the units digit of 122890?
0
What is the units digit of 577?
7
What is the units digit of 34725?
5
What is the thousands digit of 33120?
3
What is the ten thousands digit of 11609?
1
Wha